{"id":14,"date":"2023-02-21T13:13:03","date_gmt":"2023-02-21T12:13:03","guid":{"rendered":"http:\/\/krakowlab.pl\/?page_id=14"},"modified":"2023-02-21T13:55:41","modified_gmt":"2023-02-21T12:55:41","slug":"contacts","status":"publish","type":"page","link":"https:\/\/krakowlab.pl\/?page_id=14","title":{"rendered":"Kontakt"},"content":{"rendered":"\t\t<div data-elementor-type=\"wp-page\" data-elementor-id=\"14\" class=\"elementor elementor-14\">\n\t\t\t\t\t\t\t\t\t<section class=\"elementor-section elementor-top-section elementor-element elementor-element-72cab68f elementor-section-boxed elementor-section-height-default elementor-section-height-default\" data-id=\"72cab68f\" data-element_type=\"section\">\n\t\t\t\t\t\t<div class=\"elementor-container elementor-column-gap-default\">\n\t\t\t\t\t<div class=\"elementor-column elementor-col-100 elementor-top-column elementor-element elementor-element-25debbb7\" data-id=\"25debbb7\" data-element_type=\"column\">\n\t\t\t<div class=\"elementor-widget-wrap elementor-element-populated\">\n\t\t\t\t\t\t\t\t<div class=\"elementor-element elementor-element-4b63373e elementor-widget elementor-widget-text-editor\" data-id=\"4b63373e\" data-element_type=\"widget\" data-widget_type=\"text-editor.default\">\n\t\t\t\t<div class=\"elementor-widget-container\">\n\t\t\t<style>\/*! elementor - v3.11.1 - 15-02-2023 *\/\n.elementor-widget-text-editor.elementor-drop-cap-view-stacked .elementor-drop-cap{background-color:#818a91;color:#fff}.elementor-widget-text-editor.elementor-drop-cap-view-framed .elementor-drop-cap{color:#818a91;border:3px solid;background-color:transparent}.elementor-widget-text-editor:not(.elementor-drop-cap-view-default) .elementor-drop-cap{margin-top:8px}.elementor-widget-text-editor:not(.elementor-drop-cap-view-default) .elementor-drop-cap-letter{width:1em;height:1em}.elementor-widget-text-editor .elementor-drop-cap{float:left;text-align:center;line-height:1;font-size:50px}.elementor-widget-text-editor .elementor-drop-cap-letter{display:inline-block}<\/style>\t\t\t\t<!-- wp:group {\"className\":\" pt-1 pb-2\"} -->\n<div class=\"wp-block-group pt-1 pb-2\"><!-- wp:heading {\"textAlign\":\"center\",\"level\":6,\"className\":\"is-style-small-text\"} -->\n<h6 class=\"has-text-align-center is-style-small-text\"><mark class=\"has-inline-color has-light-color\" style=\"background-color: var(--colormain);\">nunc elementum<\/mark><\/h6>\n<!-- \/wp:heading --><!-- wp:heading {\"textAlign\":\"center\",\"style\":{\"spacing\":{\"margin\":{\"top\":\"15px\",\"bottom\":\"20px\"}}},\"className\":\"\",\"fontSize\":\"huge\"} -->\n<h2 class=\"has-text-align-center has-huge-font-size\" style=\"margin-top: 15px; margin-bottom: 20px;\">Zapraszamy do <mark class=\"has-inline-color has-main-color\" style=\"background-color: rgba(0, 0, 0, 0);\">kontaktu<\/mark><\/h2>\n<!-- \/wp:heading --><!-- wp:paragraph {\"align\":\"center\",\"className\":\"\",\"fontSize\":\"normal\"} -->\n<p class=\"has-text-align-center has-normal-font-size\">Najlepsz\u0105 form\u0105 kontaktu jest pozostawienie wiadomosci tekstowej na podanego poni\u017cej maila. W przypadku ch\u0119ci rejestracji prosimy u\u017cy\u0107 formularza zg\u0142oszeniowego<\/p>\n<!-- \/wp:paragraph --><\/div>\n<!-- \/wp:group --><!-- wp:columns {\"className\":\" cols-single-sm gap-30 pt-2 pb-4\"} -->\n<div class=\"wp-block-columns cols-single-sm gap-30 pt-2 pb-4\"><!-- wp:column {\"className\":\"\"} -->\n<div class=\"wp-block-column\"><!-- wp:image {\"align\":\"center\",\"id\":501,\"width\":38,\"height\":38,\"sizeSlug\":\"large\",\"className\":\"mb-0\"} -->\n<figure class=\"wp-block-image aligncenter size-large is-resized mb-0\"><img loading=\"lazy\" decoding=\"async\" class=\"wp-image-501\" src=\"http:\/\/krakowlab.pl\/wp-content\/themes\/exs\/assets\/img\/mail-outline.png\" alt=\"\" width=\"38\" height=\"38\" \/><\/figure>\n<!-- \/wp:image --><!-- wp:heading {\"textAlign\":\"center\",\"level\":4,\"className\":\"mt-05 mb-0\"} -->\n<h4 class=\"has-text-align-center mt-05 mb-0\"><strong>Kontakt<\/strong><\/h4>\n<!-- \/wp:heading --><!-- wp:paragraph {\"align\":\"center\",\"className\":\"mt-1\"} -->\n<p class=\"has-text-align-center mt-1\"><a href=\"mailto:ortopediasu@gmail.com\">ortopediasu@gmail.com <\/a><\/p>\n<!-- \/wp:paragraph --><\/div>\n<!-- \/wp:column --><!-- wp:column {\"className\":\"\"} -->\n<div class=\"wp-block-column\"><!-- wp:image {\"align\":\"center\",\"id\":524,\"width\":38,\"height\":38,\"sizeSlug\":\"large\",\"className\":\"mb-0\"} -->\n<figure class=\"wp-block-image aligncenter size-large is-resized mb-0\"><img loading=\"lazy\" decoding=\"async\" class=\"wp-image-524\" src=\"http:\/\/krakowlab.pl\/wp-content\/themes\/exs\/assets\/img\/call-outline.png\" alt=\"\" width=\"38\" height=\"38\" \/><\/figure>\n<!-- \/wp:image --><!-- wp:heading {\"textAlign\":\"center\",\"level\":4,\"className\":\"mt-05 mb-0\"} -->\n<h4 class=\"has-text-align-center mt-05 mb-0\"><strong>Telefon<\/strong><\/h4>\n<!-- \/wp:heading --><!-- wp:paragraph {\"align\":\"center\",\"className\":\"mt-1\"} -->\n<p class=\"has-text-align-center mt-1\">+48 (12) 400 23 50<br \/><br \/><\/p>\n<!-- \/wp:paragraph --><\/div>\n<!-- \/wp:column --><!-- wp:column {\"className\":\"\"} -->\n<div class=\"wp-block-column\"><!-- wp:image {\"align\":\"center\",\"id\":502,\"width\":38,\"height\":38,\"sizeSlug\":\"large\",\"className\":\"mb-0\"} -->\n<figure class=\"wp-block-image aligncenter size-large is-resized mb-0\"><img loading=\"lazy\" decoding=\"async\" class=\"wp-image-502\" src=\"http:\/\/krakowlab.pl\/wp-content\/themes\/exs\/assets\/img\/location-outline.png\" alt=\"\" width=\"38\" height=\"38\" \/><\/figure>\n<!-- \/wp:image --><!-- wp:heading {\"textAlign\":\"center\",\"level\":4,\"className\":\"mt-05 mb-0\"} -->\n<h4 class=\"has-text-align-center mt-05 mb-0\"><strong>Miejsce<\/strong><\/h4>\n<!-- \/wp:heading --><!-- wp:paragraph {\"align\":\"center\",\"className\":\"mt-1\"} -->\n<p class=\"has-text-align-center mt-1\">ul. Jakubowskiego 2, budynek G, III pi\u0119tro 30-688 Krak\u00f3w<\/p>\n<!-- \/wp:paragraph --><\/div>\n<!-- \/wp:column --><!-- wp:column {\"className\":\"\"} -->\n<div class=\"wp-block-column\"><!-- wp:image {\"align\":\"center\",\"id\":500,\"width\":38,\"height\":38,\"sizeSlug\":\"large\",\"className\":\"mb-0\"} -->\n<figure class=\"wp-block-image aligncenter size-large is-resized mb-0\"><img loading=\"lazy\" decoding=\"async\" class=\"wp-image-500\" src=\"http:\/\/krakowlab.pl\/wp-content\/themes\/exs\/assets\/img\/alarm-outline.png\" alt=\"\" width=\"38\" height=\"38\" \/><\/figure>\n<!-- \/wp:image --><!-- wp:heading {\"textAlign\":\"center\",\"level\":4,\"className\":\"mt-05 mb-0\"} -->\n<h4 class=\"has-text-align-center mt-05 mb-0\"><strong>Godziny pracy<\/strong><\/h4>\n<!-- \/wp:heading --><!-- wp:paragraph {\"align\":\"center\",\"className\":\"mt-1\"} -->\n<p class=\"has-text-align-center mt-1\"><strong>PON-PT:<\/strong> 9:00 &#8211; 13:00<br \/><strong>SOB:<\/strong> 10:00 &#8211; 13:00<br \/><strong>N:<\/strong> Nieczynne<\/p>\n<!-- \/wp:paragraph --><\/div>\n<!-- \/wp:column --><\/div>\n<!-- \/wp:columns --><!-- wp:group {\"className\":\"pt-6 pb-6 l m section\"} -->\n<div class=\"wp-block-group pt-6 pb-6 l m section\"><!-- wp:media-text {\"align\":\"\",\"mediaId\":21,\"mediaLink\":\"http:\/\/krakowlab.pl\/wp-content\/themes\/exs-medic\/assets\/img\/1.jpg\",\"mediaType\":\"image\",\"mediaSizeSlug\":\"exs-square\"} -->\n<div class=\"wp-block-media-text is-stacked-on-mobile\">\n<figure class=\"wp-block-media-text__media\"><img decoding=\"async\" class=\"wp-image-21 size-exs-square\" src=\"http:\/\/krakowlab.pl\/wp-content\/themes\/exs-medic\/assets\/img\/1.jpg\" alt=\"\" \/><\/figure>\n<div class=\"wp-block-media-text__content\"><!-- wp:paragraph {\"className\":\"is-style-small-text mb-05\"} -->\n<p class=\"is-style-small-text mb-05\"><mark class=\"has-inline-color has-light-color\" style=\"background-color: var(--colormain);\">Eum voluptatem<\/mark><\/p>\n<!-- \/wp:paragraph --><!-- wp:heading {\"className\":\"is-style-default mt-0 mb-05\"} -->\n<h2 class=\"is-style-default mt-0 mb-05\">Qui recusandae<\/h2>\n<!-- \/wp:heading --><!-- wp:paragraph {\"className\":\"\"} -->\n<p>Nam fermentum, risus hendrerit sodales molestie, velit nunc efficitur lacus, ultricies dictum neque velit tincidunt velit.<\/p>\n<!-- \/wp:paragraph --><!-- wp:html --><form class=\"exs-ajax-form\" action=\"#\"><input class=\"d-block mb-1\" name=\"name\" required=\"required\" type=\"text\" placeholder=\"Adipisci\" \/> <input class=\"d-block mb-1\" name=\"email\" required=\"required\" type=\"email\" placeholder=\"Voluptate\" \/> <textarea class=\"d-block mb-1\" name=\"message\" required=\"required\" placeholder=\"Maxime\"><\/textarea> <button class=\"wp-block-button__link\" type=\"submit\"> Soluta <\/button><\/form><!-- \/wp:html --><\/div>\n<\/div>\n<!-- \/wp:media-text --><\/div>\n<!-- \/wp:group --><!-- wp:columns {\"verticalAlignment\":\"center\",\"className\":\"pt-6 gap-60\"} -->\n<div class=\"wp-block-columns are-vertically-aligned-center pt-6 gap-60\"><!-- wp:column {\"verticalAlignment\":\"center\",\"width\":\"\",\"className\":\"\"} -->\n<div class=\"wp-block-column is-vertically-aligned-center\"><!-- wp:heading {\"level\":3,\"className\":\"\"} -->\n<h3>Donec suscipit lectus vel<\/h3>\n<!-- \/wp:heading --><!-- wp:paragraph {\"className\":\"\"} -->\n<p>Risus hendrerit sodales molestie, velit nunc efficitur lacus, ultricies dictum neque velit tincidunt velit.<\/p>\n<!-- \/wp:paragraph --><!-- wp:list -->\n<ul><!-- wp:list-item -->\n<li>Venenatis venenatis mi justo<\/li>\n<!-- \/wp:list-item --><!-- wp:list-item -->\n<li>Commodo lectus id sagittis<\/li>\n<!-- \/wp:list-item --><!-- wp:list-item -->\n<li>Mauris leo vel neque<\/li>\n<!-- \/wp:list-item --><!-- wp:list-item -->\n<li>Duis lobortis vel tellus eu lobortis<\/li>\n<!-- \/wp:list-item --><\/ul>\n<!-- \/wp:list --><\/div>\n<!-- \/wp:column --><!-- wp:column {\"verticalAlignment\":\"center\",\"width\":\"\",\"className\":\"\"} -->\n<div class=\"wp-block-column is-vertically-aligned-center\"><!-- wp:image {\"id\":220,\"sizeSlug\":\"large\",\"linkDestination\":\"none\",\"className\":\"\"} -->\n<figure class=\"wp-block-image size-large\"><img decoding=\"async\" class=\"wp-image-220\" src=\"http:\/\/krakowlab.pl\/wp-content\/themes\/exs\/assets\/img\/map.jpg\" alt=\"\" \/><\/figure>\n<!-- \/wp:image --><\/div>\n<!-- \/wp:column --><\/div>\n<!-- \/wp:columns -->\t\t\t\t\t\t<\/div>\n\t\t\t\t<\/div>\n\t\t\t\t\t<\/div>\n\t\t<\/div>\n\t\t\t\t\t\t\t<\/div>\n\t\t<\/section>\n\t\t\t\t\t\t\t<\/div>\n\t\t","protected":false},"excerpt":{"rendered":"<p>nunc elementum Zapraszamy do kontaktu Najlepsz\u0105 form\u0105 kontaktu jest pozostawienie wiadomosci tekstowej na podanego poni\u017cej maila. W przypadku ch\u0119ci rejestracji prosimy u\u017cy\u0107 formularza zg\u0142oszeniowego Kontakt ortopediasu@gmail.com Telefon +48 (12) 400 23 50 Miejsce ul. Jakubowskiego 2, budynek G, III pi\u0119tro 30-688 Krak\u00f3w Godziny pracy PON-PT: 9:00 &#8211; 13:00SOB: 10:00 &#8211; 13:00N: Nieczynne Eum voluptatem Qui recusandae Nam fermentum, risus hendrerit<span class=\"more-dots\">&#8230;<\/span> <span class=\"more-tag d-block mt-05\"><a class=\"more-link\" href=\"https:\/\/krakowlab.pl\/?page_id=14\">Read More...<span class=\"screen-reader-text\"> \"Kontakt\"<\/span><\/a><\/span><!-- .more-tag --><\/p>\n","protected":false},"author":1,"featured_media":0,"parent":0,"menu_order":0,"comment_status":"closed","ping_status":"closed","template":"","meta":{"footnotes":""},"class_list":["post-14","page","type-page","status-publish","hentry","no-post-thumbnail"],"yoast_head":"<!-- This site is optimized with the Yoast SEO plugin v20.1 - https:\/\/yoast.com\/wordpress\/plugins\/seo\/ -->\n<title>Kontakt - Krak\u00f3w Lab - Kursy i Sympozja Ortopedyczne<\/title>\n<meta name=\"robots\" content=\"index, follow, max-snippet:-1, max-image-preview:large, max-video-preview:-1\" \/>\n<link rel=\"canonical\" href=\"http:\/\/krakowlab.pl\/?page_id=14\" \/>\n<meta property=\"og:locale\" content=\"en_US\" \/>\n<meta property=\"og:type\" content=\"article\" \/>\n<meta property=\"og:title\" content=\"Kontakt - Krak\u00f3w Lab - Kursy i Sympozja Ortopedyczne\" \/>\n<meta property=\"og:description\" content=\"nunc elementum Zapraszamy do kontaktu Najlepsz\u0105 form\u0105 kontaktu jest pozostawienie wiadomosci tekstowej na podanego poni\u017cej maila. W przypadku ch\u0119ci rejestracji prosimy u\u017cy\u0107 formularza zg\u0142oszeniowego Kontakt ortopediasu@gmail.com Telefon +48 (12) 400 23 50 Miejsce ul. Jakubowskiego 2, budynek G, III pi\u0119tro 30-688 Krak\u00f3w Godziny pracy PON-PT: 9:00 &#8211; 13:00SOB: 10:00 &#8211; 13:00N: Nieczynne Eum voluptatem Qui recusandae Nam fermentum, risus hendrerit...\" \/>\n<meta property=\"og:url\" content=\"http:\/\/krakowlab.pl\/?page_id=14\" \/>\n<meta property=\"og:site_name\" content=\"Krak\u00f3w Lab - Kursy i Sympozja Ortopedyczne\" \/>\n<meta property=\"article:modified_time\" content=\"2023-02-21T12:55:41+00:00\" \/>\n<meta property=\"og:image\" content=\"http:\/\/krakowlab.pl\/wp-content\/themes\/exs\/assets\/img\/mail-outline.png\" \/>\n<meta name=\"twitter:card\" content=\"summary_large_image\" \/>\n<meta name=\"twitter:label1\" content=\"Est. reading time\" \/>\n\t<meta name=\"twitter:data1\" content=\"2 minutes\" \/>\n<script type=\"application\/ld+json\" class=\"yoast-schema-graph\">{\"@context\":\"https:\/\/schema.org\",\"@graph\":[{\"@type\":\"WebPage\",\"@id\":\"http:\/\/krakowlab.pl\/?page_id=14\",\"url\":\"http:\/\/krakowlab.pl\/?page_id=14\",\"name\":\"Kontakt - Krak\u00f3w Lab - Kursy i Sympozja Ortopedyczne\",\"isPartOf\":{\"@id\":\"https:\/\/krakowlab.pl\/#website\"},\"datePublished\":\"2023-02-21T12:13:03+00:00\",\"dateModified\":\"2023-02-21T12:55:41+00:00\",\"breadcrumb\":{\"@id\":\"http:\/\/krakowlab.pl\/?page_id=14#breadcrumb\"},\"inLanguage\":\"en-US\",\"potentialAction\":[{\"@type\":\"ReadAction\",\"target\":[\"http:\/\/krakowlab.pl\/?page_id=14\"]}]},{\"@type\":\"BreadcrumbList\",\"@id\":\"http:\/\/krakowlab.pl\/?page_id=14#breadcrumb\",\"itemListElement\":[{\"@type\":\"ListItem\",\"position\":1,\"name\":\"Home\",\"item\":\"https:\/\/krakowlab.pl\/\"},{\"@type\":\"ListItem\",\"position\":2,\"name\":\"Kontakt\"}]},{\"@type\":\"WebSite\",\"@id\":\"https:\/\/krakowlab.pl\/#website\",\"url\":\"https:\/\/krakowlab.pl\/\",\"name\":\"Krak\u00f3w Lab - Kursy i Sympozja Ortopedyczne\",\"description\":\"KrakowLab\",\"potentialAction\":[{\"@type\":\"SearchAction\",\"target\":{\"@type\":\"EntryPoint\",\"urlTemplate\":\"https:\/\/krakowlab.pl\/?s={search_term_string}\"},\"query-input\":\"required name=search_term_string\"}],\"inLanguage\":\"en-US\"}]}<\/script>\n<!-- \/ Yoast SEO plugin. -->","yoast_head_json":{"title":"Kontakt - Krak\u00f3w Lab - Kursy i Sympozja Ortopedyczne","robots":{"index":"index","follow":"follow","max-snippet":"max-snippet:-1","max-image-preview":"max-image-preview:large","max-video-preview":"max-video-preview:-1"},"canonical":"http:\/\/krakowlab.pl\/?page_id=14","og_locale":"en_US","og_type":"article","og_title":"Kontakt - Krak\u00f3w Lab - Kursy i Sympozja Ortopedyczne","og_description":"nunc elementum Zapraszamy do kontaktu Najlepsz\u0105 form\u0105 kontaktu jest pozostawienie wiadomosci tekstowej na podanego poni\u017cej maila. W przypadku ch\u0119ci rejestracji prosimy u\u017cy\u0107 formularza zg\u0142oszeniowego Kontakt ortopediasu@gmail.com Telefon +48 (12) 400 23 50 Miejsce ul. Jakubowskiego 2, budynek G, III pi\u0119tro 30-688 Krak\u00f3w Godziny pracy PON-PT: 9:00 &#8211; 13:00SOB: 10:00 &#8211; 13:00N: Nieczynne Eum voluptatem Qui recusandae Nam fermentum, risus hendrerit...","og_url":"http:\/\/krakowlab.pl\/?page_id=14","og_site_name":"Krak\u00f3w Lab - Kursy i Sympozja Ortopedyczne","article_modified_time":"2023-02-21T12:55:41+00:00","og_image":[{"url":"http:\/\/krakowlab.pl\/wp-content\/themes\/exs\/assets\/img\/mail-outline.png"}],"twitter_card":"summary_large_image","twitter_misc":{"Est. reading time":"2 minutes"},"schema":{"@context":"https:\/\/schema.org","@graph":[{"@type":"WebPage","@id":"http:\/\/krakowlab.pl\/?page_id=14","url":"http:\/\/krakowlab.pl\/?page_id=14","name":"Kontakt - Krak\u00f3w Lab - Kursy i Sympozja Ortopedyczne","isPartOf":{"@id":"https:\/\/krakowlab.pl\/#website"},"datePublished":"2023-02-21T12:13:03+00:00","dateModified":"2023-02-21T12:55:41+00:00","breadcrumb":{"@id":"http:\/\/krakowlab.pl\/?page_id=14#breadcrumb"},"inLanguage":"en-US","potentialAction":[{"@type":"ReadAction","target":["http:\/\/krakowlab.pl\/?page_id=14"]}]},{"@type":"BreadcrumbList","@id":"http:\/\/krakowlab.pl\/?page_id=14#breadcrumb","itemListElement":[{"@type":"ListItem","position":1,"name":"Home","item":"https:\/\/krakowlab.pl\/"},{"@type":"ListItem","position":2,"name":"Kontakt"}]},{"@type":"WebSite","@id":"https:\/\/krakowlab.pl\/#website","url":"https:\/\/krakowlab.pl\/","name":"Krak\u00f3w Lab - Kursy i Sympozja Ortopedyczne","description":"KrakowLab","potentialAction":[{"@type":"SearchAction","target":{"@type":"EntryPoint","urlTemplate":"https:\/\/krakowlab.pl\/?s={search_term_string}"},"query-input":"required name=search_term_string"}],"inLanguage":"en-US"}]}},"_links":{"self":[{"href":"https:\/\/krakowlab.pl\/index.php?rest_route=\/wp\/v2\/pages\/14","targetHints":{"allow":["GET"]}}],"collection":[{"href":"https:\/\/krakowlab.pl\/index.php?rest_route=\/wp\/v2\/pages"}],"about":[{"href":"https:\/\/krakowlab.pl\/index.php?rest_route=\/wp\/v2\/types\/page"}],"author":[{"embeddable":true,"href":"https:\/\/krakowlab.pl\/index.php?rest_route=\/wp\/v2\/users\/1"}],"replies":[{"embeddable":true,"href":"https:\/\/krakowlab.pl\/index.php?rest_route=%2Fwp%2Fv2%2Fcomments&post=14"}],"version-history":[{"count":14,"href":"https:\/\/krakowlab.pl\/index.php?rest_route=\/wp\/v2\/pages\/14\/revisions"}],"predecessor-version":[{"id":79,"href":"https:\/\/krakowlab.pl\/index.php?rest_route=\/wp\/v2\/pages\/14\/revisions\/79"}],"wp:attachment":[{"href":"https:\/\/krakowlab.pl\/index.php?rest_route=%2Fwp%2Fv2%2Fmedia&parent=14"}],"curies":[{"name":"wp","href":"https:\/\/api.w.org\/{rel}","templated":true}]}}